 1368. Calculate m(-63).
45
Let i(c) = 2*c**3 - 8*c**2 + 6*c + 2. What is i(7)?
338
Let i(s) = 1414*s - 8391. Calculate i(6).
93
Let l(b) = 84*b - 2032. What is l(24)?
-16
Let y(s) = -s**2 - 61*s - 838. Calculate y(-21).
2
Let x(j) = -j**3 - 6*j**2 + 30*j + 33. Determine x(-9).
6
Let f(a) = 14*a**2 - 18*a - 386. Calculate f(6).
10
Let q(t) = -t**2 + 7. What is q(2)?
3
Let b(d) = -19*d**3 + d**2 - 4*d + 3. Calculate b(1).
-19
Let k(s) = -5*s**2 - 158*s - 24. Determine k(-32).
-88
Let o(l) = -1060*l - 7551. Determine o(-7).
-131
Let c(x) = 47*x + 1829. What is c(-39)?
-4
Let t(i) = -2*i**3 + 488*i**2 - 5*i + 1218. What is t(244)?
-2
Let d(a) = -283*a + 3926. Determine d(14).
-36
Let r(u) = 2*u**3 - 5*u**2 - 8*u - 1. What is r(5)?
84
Let c(r) = 2*r - 58. What is c(10)?
-38
Let d(x) = -30*x**3 + 2*x**2 - x - 1. Determine d(2).
-235
Let l(n) = -11*n**2 + 23*n - 40. Determine l(4).
-124
Let i(v) = v**2 - 6*v - 23. Calculate i(-7).
68
Let p(r) = 32*r - 1353. Give p(70).
887
Let h(k) = -13*k + 326. Determine h(17).
105
Let r(p) = p**3 - p**2 + 15*p - 49. Determine r(5).
126
Let o(h) = -9*h**2 - 84*h - 133. What is o(-7)?
14
Let a(l) = l**2 - 82*l - 2046. Determine a(-20).
-6
Let j(t) = -t**2 + 47*t - 467. What is j(33)?
-5
Let n(w) = 421*w + 1683. Calculate n(-4).
-1
Let u(c) = 13*c + 141. Give u(-10).
11
Let m(g) = -115*g - 759. Determine m(-6).
-69
Let p(w) = -3*w**2 + 39*w + 2. Give p(10).
92
Let l(o) = -o**2 + 11*o + 188. Calculate l(19).
36
Let n(o) = -o**2 + 70*o - 267. Determine n(63).
174
Let o(a) = -a**3 - 9*a**2 - 2*a + 23. Calculate o(0).
23
Let k(h) = 29*h - 1692. What is k(59)?
19
Let v(c) = -c**3 - 43*c**2 + 476*c + 19011. What is v(-44)?
3
Let y(n) = n**3 - 20*n**2 + 16*n + 74. Determine y(19).
17
Let v(m) = -m**2 + 143*m - 2034. Give v(127).
-2
Let g(c) = -3*c**3 + c**2 - 34*c - 77. Give g(-2).
19
Let l(v) = -2*v**2 - 85*v + 28257. Give l(-142).
-1
Let x(v) = -v**2 + 27*v - 104. Calculate x(21).
22
Let a(t) = 78*t + 774. What is a(-10)?
-6
Let n(p) = p**2 + 15*p + 14. What is n(-15)?
14
Let s(n) = n**3 + 15*n**2 + 28*n + 27. Determine s(-13).
1
Let u(l) = 2*l**3 + 20*l**2 + 113*l + 843. Give u(-9).
-12
Let n(h) = -h**2 + 36*h + 121. Determine n(39).
4
Let y(d) = -16*d - 578. What is y(-22)?
-226
Let p(h) = -3*h**3 + 30*h**2 + 23*h - 225. What is p(10)?
5
Let j(w) = -7*w - 106. Calculate j(11).
-183
Let c(b) = b**2 - 9*b + 88. Calculate c(13).
140
Let h(s) = -6*s**2 - 45*s - 8. Determine h(-11).
-239
Let v(u) = 15*u**2 + 259*u + 25. What is v(0)?
25
Let m(x) = x**3 - 9*x**2 + 12*x + 22. Calculate m(7).
8
Let z(y) = 2*y**2 + 84*y - 241. What is z(-45)?
29
Let d(c) = -3*c**2 - 191*c - 1695. What is d(-53)?
1
Let x(w) = -18*w**3 - 2*w**2 - 35*w + 37. Calculate x(1).
-18
Let p(h) = -h**3 + 31*h**2 - 167*h - 1. What is p(24)?
23
Let v(u) = -78*u - 3041. Give v(-39).
1
Let o(f) = 63*f - 696. Give o(11).
-3
Let z(k) = 644*k - 625. Calculate z(1).
19
Let j(u) = 4*u**3 - 29*u**2 + 8*u - 10. Determine j(7).
-3
Let a(p) = 3*p**2 + 706*p + 2099. What is a(-3)?
8
Let i(t) = -58*t - 144. What is i(-2)?
-28
Let w(u) = 5*u**2 + 75*u + 58. What is w(-18)?
328
Let d(y) = y**3 + 9*y**2 + 27*y + 24. Determine d(-5).
-11
Let r(w) = w**3 - 61*w**2 + 116*w + 104. Calculate r(59).
-14
Let g(m) = m**3 - 6*m**2 - 14*m + 50. Determine g(4).
-38
Let i(x) = 32*x - 249. Give i(8).
7
Let w(f) = -6*f**3 - 535*f**2 - 73*f + 1436. What is w(-89)?
12
Let n(i) = -i**3 + 603*i**2 + 1822*i + 5. Give n(-3).
-7
Let o(j) = -19*j**2 - 7*j + 13. Determine o(2).
-77
Let p(a) = 2*a**2 + 2217*a - 6653. Calculate p(3).
16
Let w(i) = 34*i**2 - 5807*i - 1216. Give w(171).
-19
Let w(n) = 4*n**3 - 22*n**2 + 8*n + 15. What is w(5)?
5
Let r(h) = -373*h - 710. What is r(-2)?
36
Let v(i) = 8*i - 381. Determine v(67).
155
Let c(g) = g**3 - 13*g**2 + 44*g - 169. Give c(10).
-29
Let c(m) = 112*m - 660. Calculate c(6).
12
Let t(y) = -y**3 + 76*y**2 - 895*y - 299. Determine t(15).
1
Let b(n) = n**2 + 34*n + 142. Determine b(-5).
-3
Let a(l) = 2*l**3 - 14*l**2 - 40*l - 27. Give a(-3).
-87
Let u(x) = 2*x**2 + x - 263. Determine u(0).
-263
Let q(v) = -3*v + 788. Calculate q(33).
689
Let i(m) = 13*m**3 + 29*m**2 + 5*m - 6. Determine i(-3).
-111
Let v(t) = 27*t**2 - 186*t + 544. What is v(3)?
229
Let j(q) = -5*q**3 - 59*q**2 - 66*q - 275. What is j(-11)?
-33
Let z(l) = l**2 + 13*l - 609. Calculate z(19).
-1
Let y(s) = 1477*s + 7385. What is y(-5)?
0
Let v(t) = -38*t + 153. What is v(2)?
77
Let t(l) = l**2 - 27*l + 177. What is t(9)?
15
Let h(w) = 6*w**2 + 218*w - 874. What is h(-40)?
6
Let b(w) = -89*w - 453. What is b(-5)?
-8
Let t(n) = 2*n**2 + 248*n + 3119. Determine t(-14).
39
Let m(r) = 584*r - 2294. Determine m(4).
42
Let h(c) = -14*c**2 - 96*c - 15. What is h(-7)?
-29
Let w(o) = -2*o**2 - 76*o + 438. What is w(-43)?
8
Let u(w) = -94*w - 16. Give u(-2).
172
Let f(d) = d**3 - 73*d**2 - 10*d + 723. Give f(73).
-7
Let g(p) = -42*p - 342. Determine g(-9).
36
Let c(u) = 2*u**3 + u**2 - 6*u - 83. Calculate c(0).
-83
Let x(g) = 197*g**3 + 7*g**2 + 2*g - 5. Give x(-1).
-197
Let c(l) = l**3 + 39*l**2 - 212*l + 358. Give c(-44).
6
Let q(a) = -108*a**3 + a**2 + 31*a + 29. Determine q(-1).
107
Let x(m) = m**3 - 6*m**2 - 2*m + 10. Give x(6).
-2
Let h(p) = 160*p + 2510. Calculate h(-15).
110
Let a(s) = 8*s**2 - 150*s - 4. What is a(19)?
34
Let b(u) = u - 82. What is b(-17)?
-99
Let q(x) = -9*x + 38. What is q(11)?
-61
Let o(v) = -v**2 - 87*v - 1022. Give o(-73).
0
Let j(k) = k**3 - 25*k**2 + 27*k - 58. What is j(24)?
14
Let l(g) = -36*g + 55. Determine l(4).
-89
Let v(m) = 317*m + 1583. Calculate v(-5).
-2
Let t(g) = -2*g**3 + 57*g**2 + 26*g + 17. Give t(29).
-70
Let r(p) = -50*p - 321. What is r(6)?
-621
Let p(u) = -28*u - 115. Calculate p(-4).
-3
Let j(b) = 94*b + 915. Give j(-10).
-25
Let u(r) = 51*r + 376. Calculate u(-7).
19
Let t(x) = 2*x**3 + x**2 + 164*x + 899. Give t(-5).
-146
Let r(v) = -21*v - 84. What is r(-5)?
21
Let x(p) = 738*p + 2156. Calculate x(-3).
-58
Let f(p) = p**3 - 4*p**2 - 35*p + 132. Give f(4).
-8
Let a(b) = -2*b**3 + b**2 + 12*b + 146. Calculate a(0).
146
Let q(u) = -u**3 + 29*u**2 - 60*u + 871. What is q(28)?
-25
Let d(n) = -n**2 - 29*n + 102. What is d(-31)?
40
Let m(w) = -18*w - 72. Give m(-3).
-18
Let l(g) = 3*g**3 - 16*g**2 - 16*g + 67. Determine l(6).
43
Let s(p) = 1791*p - 23283. Give s(13).
0
Let r(h) = -h**3 - 15*h**2 - 66*h - 19. What is r(-7)?
51
Let p(f) = f**2 + 30*f + 92. What is p(-20)?
-108
Let o(t) = 4*t**3 - 23*t**2 - 62*t + 289. What is o(6)?
-47
Let i(r) = -r**2 - 30*r - 178. What is i(-8)?
-2
Let t(s) = -613*s + 3693. Determine t(6).
15
Let n(i) = -i**3 - 42*i**2 - 114*i + 124. Give n(-39).
7
Let r(g) = -3008*g + 24065. Determine r(8).
1
Let q(o) = -503*o + 3518. Determine q(7).
-3
Let z(r) = 3*r**2 + 24*r + 27. Calculate z(-8).
27
Let j(p) = p**3 - 346*p**2 - 604*p - 32028. Give j(348).
-12
Let y(l) = -l**3 + 58*l**2 - 307*l - 19. What is y(6)?
11
Let h(y) = -59*y + 142. Give h(4).
-94
Let g(c) = 4266*c + 21328. What is g(-5)?
-2
Let u(z) = 5*z**3 + 3*z**2 - z - 6. Give u(-2).
-32
Let n(b) = 8*b - 29. What is n(22)?
147
Let c(t) = -2*t**2 - 25*t - 62. What is c(-3)?
-5
Let z(l) = -l**3 - 21*l**2 - 74*l + 102. Calculate z(-16).
6
Let a(f) = 27*f**3 + 3*f**2 + 7*f - 21. Determine a(2).
221
Let m(c) = 5*c**2 - 227*c - 622. Give m(48).
2
Let y(x) = -23*x**2 + 9*x + 9. What is y(-1)?
-23
Let p(f) = -f + 165. Give p(4).
161
Let x(r) = -36*r**2 + 51*r - 50. Determine x(1).
-35
Let p(s) = s**2 - 21*s - 169. Determine p(26).
-39
Let x(v) = 59*v - 414. Calculate x(5).
-119
Let x(j) = -3*j**2 + 46*j + 13. Calculate x(16).
-19
Let s(v) = v**2 - 110*v - 37. Determine s(105).
-562
Let q(r) = 2*r**2 + 87*r - 427. Calculate q(-48).
5
Let c(s) = -s**2 + 27*s + 166. Give c(-6).
-32
Let j(f) = f**3 + 17*f**2 + 21*f - 37. Determine j(-6).
233
Let n(t) = -t**2 + 11*t + 207. Determine n(-11).
-35
Let n(s) = 8*s**2 - 142*s + 2. Calculate n(17).
-100
Let v(u) = 4*u**3 - 174*u**2 - 86*u - 85. Determine v(44).
3
Let l(j) = 34*j + 444. What is l(0)?
444
Let o(m) = -m**2 + 64*m - 848. Calculate o(44).
32
Let y(s) = -35*s - 52. What is y(9)?
-367
Let k(c) = 9*c**2 + 41*c - 891. Give k(8).
13
Let x(v) = -49*v - 604. What is x(-13)?
33
Let f(q) = -75*q + 2154. Calculate f(27).
129
Let 